ors of 148952086.
2, 31, 43, 55871
What are the prime factors of 41325612?
2, 3, 1607, 2143
List the prime factors of 362649945.
3, 5, 7, 3453809
What are the prime factors of 1744110363?
3, 581370121
List the prime factors of 649262569.
37, 991, 17707
List the prime factors of 34480541.
34480541
What are the prime factors of 632641004?
2, 61, 2592791
List the prime factors of 1437254516.
2, 359313629
List the prime factors of 22198704.
2, 3, 11, 42043
List the prime factors of 183689276.
2, 45922319
What are the prime factors of 1604402596?
2, 401100649
What are the prime factors of 129950031?
3, 37, 1170721
What are the prime factors of 976021661?
976021661
List the prime factors of 33541476.
2, 3, 17, 164419
What are the prime factors of 123130851?
3, 1039, 39503
List the prime factors of 2822073194.
2, 1411036597
What are the prime factors of 958672416?
2, 3, 13, 768167
List the prime factors of 27123357.
3, 31, 291649
What are the prime factors of 24917575?
5, 996703
List the prime factors of 795393546.
2, 3, 71, 73, 25577
List the prime factors of 46642905.
3, 5, 107, 3229
What are the prime factors of 224488110?
2, 3, 5, 7, 11, 13883
What are the prime factors of 730762880?
2, 5, 29, 39373
List the prime factors of 35887074.
2, 3, 5981179
List the prime factors of 623782873.
7, 3931, 22669
List the prime factors of 49297381.
7, 19, 52951
What are the prime factors of 3429039186?
2, 3, 2089, 91193
What are the prime factors of 375614597?
131, 2867287
List the prime factors of 91796461.
677, 135593
List the prime factors of 36295556.
2, 11, 824899
List the prime factors of 766002805.
5, 839, 182599
What are the prime factors of 285049525?
5, 11401981
List the prime factors of 1731515134.
2, 61, 173, 82039
What are the prime factors of 1164901737?
3, 1543, 251653
What are the prime factors of 76623449?
7, 107, 102301
List the prime factors of 29093873.
23, 29, 53, 823
List the prime factors of 906664815.
3, 5, 7, 229, 12569
What are the prime factors of 126217565?
5, 25243513
List the prime factors of 195990398.
2, 853, 114883
What are the prime factors of 331098561?
3, 3823, 9623
What are the prime factors of 32070439?
32070439
List the prime factors of 6143784087.
3, 7, 12451, 23497
What are the prime factors of 1252047200?
2, 5, 1565059
What are the prime factors of 496135800?
2, 3, 5, 79, 1163
What are the prime factors of 45148518?
2, 3, 587, 4273
What are the prime factors of 778647166?
2, 11, 37, 956569
What are the prime factors of 1046187883?
13, 80475991
What are the prime factors of 9768306?
2, 3, 1628051
List the prime factors of 4965008029.
43, 167, 691409
List the prime factors of 1655866278.
2, 3, 11, 23, 15809
List the prime factors of 69673325.
5, 23, 121171
List the prime factors of 440352459.
3, 59, 829289
What are the prime factors of 36096529?
7, 73, 70639
List the prime factors of 920711041.
17, 54159473
What are the prime factors of 4767154434?
2, 3, 7, 97, 55721
List the prime factors of 254230417.
7, 607, 59833
What are the prime factors of 5092810609?
239, 21308831
List the prime factors of 488652471.
3, 17, 187871
What are the prime factors of 4299390?
2, 3, 5, 23, 31, 67
What are the prime factors of 2087187408?
2, 3, 1787, 8111
What are the prime factors of 167285067?
3, 1867, 29867
List the prime factors of 153531264.
2, 3, 73, 5477
List the prime factors of 115019774.
2, 563, 102149
What are the prime factors of 246358224?
2, 3, 7, 244403
List the prime factors of 72168728.
2, 1439, 6269
List the prime factors of 1055816114.
2, 503, 1049519
What are the prime factors of 2798173?
7, 399739
What are the prime factors of 848918648?
2, 3019, 35149
What are the prime factors of 1953103377?
3, 47, 13851797
What are the prime factors of 251040191?
1091, 230101
What are the prime factors of 60692079?
3, 7, 31, 93229
List the prime factors of 5345967200.
2, 5, 7, 37, 25801
List the prime factors of 2372815955.
5, 79, 1951, 3079
What are the prime factors of 144231112?
2, 41, 439729
List the prime factors of 474232144.
2, 29639509
List the prime factors of 23920276.
2, 23, 260003
List the prime factors of 1836811366.
2, 13, 70646591
What are the prime factors of 115107138?
2, 3, 317, 20173
What are the prime factors of 35717291?
35717291
What are the prime factors of 232390847?
13, 17876219
What are the prime factors of 210314576?
2, 23, 353, 1619
What are the prime factors of 122436817?
19, 6444043
List the prime factors of 12295175.
5, 151, 3257
List the prime factors of 337979953.
2027, 166739
What are the prime factors of 373501643?
29, 37, 587, 593
What are the prime factors of 33419708?
2, 7, 19, 62819
List the prime factors of 858658993.
397, 2162869
What are the prime factors of 18956028?
2, 3, 7, 13, 17359
List the prime factors of 139808509.
283, 494023
What are the prime factors of 33904258?
2, 16952129
List the prime factors of 1323897654.
2, 3, 220649609
List the prime factors of 33065892.
2, 3, 918497
What are the prime factors of 8504894?
2, 19, 23, 37, 263
What are the prime factors of 1759655628?
2, 3, 48879323
What are the prime factors of 22374017?
71, 315127
List the prime factors of 732197.
732197
List the prime factors of 83045079.
3, 13, 71, 769
What are the prime factors of 6607304746?
2, 7, 197, 342241
List the prime factors of 144777271.
479, 631
List the prime factors of 2685301338.
2, 3, 59, 7585597
List the prime factors of 84888266.
2, 42444133
List the prime factors of 1285286713.
23, 139, 402029
List the prime factors of 99448072.
2, 2237, 5557
List the prime factors of 133536614.
2, 66768307
What are the prime factors of 251953699?
19, 47, 282143
List the prime factors of 332149171.
332149171
What are the prime factors of 281977128?
2, 3, 727, 5387
List the prime factors of 8948051.
7, 67, 19079
What are the prime factors of 1414550689?
157, 233, 38669
What are the prime factors of 53761726?
2, 73, 368231
What are the prime factors of 6899782?
2, 3449891
List the prime factors of 33124245.
3, 5, 7, 11, 17, 241
What are the prime factors of 39591198?
2, 3, 17, 109, 1187
List the prime factors of 3647078664.
2, 3, 139, 1093249
List the prime factors of 2116697392.
2, 193, 685459
What are the prime factors of 8717593?
71, 199, 617
List the prime factors of 38849911.
38849911
What are the prime factors of 436656980?
2, 5, 37, 590077
List the prime factors of 355794413.
13, 27368801
What are the prime factors of 144127286?
2, 47, 293, 5233
What are the prime factors of 135732762?
2, 3, 11, 685519
List the prime factors of 513972317.
193, 2663069
List the prime factors of 8019496.
2, 643, 1559
What are the prime factors of 50419320?
2, 3, 5, 7, 193, 311
List the prime factors of 136270637.
31, 4395827
List the prime factors of 5159150548.
2, 17, 811, 5503
What are the prime factors of 283418710?
2, 5, 67, 423013
What are the prime factors of 96823287?
3, 11, 61, 16033
What are the prime factors of 20279831?
11, 13, 10909
List the prime factors of 354372236.
2, 37, 101, 151, 157
What are the prime factors of 81221998?
2, 11, 13, 19, 14947
List the prime factors of 2472144.
2, 3, 51503
What are the prime factors of 660903000?
2, 3, 5, 220301
What are the prime factors of 96068868?
2, 3, 7, 1013, 1129
What are the prime factors of 1057148642?
2, 11, 3727, 12893
What are the prime factors of 3409689426?
2, 3, 11, 13, 3973997
What are the prime factors of 103848056?
2, 13, 998539
What are the prime factors of 1913956484?
2, 11, 113, 349, 1103
What are the prime factors of 568771098?
2, 3, 7, 2137, 6337
What are the prime factors of 121951945?
5, 101, 241489
What are the prime factors of 177731949?
3, 53, 1117811
List the prime factors of 372404577.
3, 3307, 37537
What are the prime factors of 93887752?
2, 7, 631, 2657
List the prime factors of 463702710.
2, 3, 5, 17, 379, 2399
What are the prime factors of 1276337129?
149, 8566021
List the prime factors of 342239640.
2, 3, 5, 37, 77081
What are the prime factors of 167874607?
167874607
List the prime factors of 931442373.
3, 359, 288283
What are the prime factors of 194372764?
2, 17, 2858423
What are the prime factors of 6875645?
5, 7, 31, 6337
What are the prime factors of 9652908?
2, 3, 804409
What are the prime factors of 28617148?
2, 7, 1